                                                                                                                                                                                                                                                                                                                                                                                                                                                                   {"id":445,"date":"2024-03-14T18:45:31","date_gmt":"2024-03-14T18:45:31","guid":{"rendered":"https:\/\/www.aidabueno.com\/?page_id=445"},"modified":"2024-03-14T18:46:44","modified_gmt":"2024-03-14T18:46:44","slug":"quien-soy","status":"publish","type":"page","link":"https:\/\/www.aidabueno.com\/?page_id=445","title":{"rendered":"Quien soy"},"content":{"rendered":"\t\t<div data-elementor-type=\"wp-page\" data-elementor-id=\"445\" class=\"elementor elementor-445\" data-elementor-post-type=\"page\">\n\t\t\t\t<div class=\"elementor-element elementor-element-7f41ed38 e-flex e-con-boxed e-con e-parent\" data-id=\"7f41ed38\" data-element_type=\"container\" data-settings=\"{&quot;background_background&quot;:&quot;classic&quot;}\" data-core-v316-plus=\"true\">\n\t\t\t\t\t<div class=\"e-con-inner\">\n\t\t<div class=\"elementor-element elementor-element-40c53891 e-con-full e-flex elementor-invisible e-con e-child\" data-id=\"40c53891\" data-element_type=\"container\" data-settings=\"{&quot;animation&quot;:&quot;fadeIn&quot;,&quot;animation_delay&quot;:200}\">\n\t\t\t\t<div class=\"elementor-element elementor-element-c3b881d elementor-widget elementor-widget-image\" data-id=\"c3b881d\" data-element_type=\"widget\" data-widget_type=\"image.default\">\n\t\t\t\t<div class=\"elementor-widget-container\">\n\t\t\t<style>\/*! elementor - v3.20.0 - 10-04-2024 *\/\n.elementor-widget-image{text-align:center}.elementor-widget-image a{display:inline-block}.elementor-widget-image a img[src$=\".svg\"]{width:48px}.elementor-widget-image img{vertical-align:middle;display:inline-block}<\/style>\t\t\t\t\t\t\t\t\t\t<img fetchpriority=\"high\" decoding=\"async\" width=\"683\" height=\"1024\" src=\"https:\/\/www.aidabueno.com\/wp-content\/uploads\/2024\/03\/moka10-683x1024.jpg\" class=\"attachment-large size-large wp-image-346\" alt=\"sesion aida\" srcset=\"https:\/\/www.aidabueno.com\/wp-content\/uploads\/2024\/03\/moka10-683x1024.jpg 683w, https:\/\/www.aidabueno.com\/wp-content\/uploads\/2024\/03\/moka10-200x300.jpg 200w, https:\/\/www.aidabueno.com\/wp-content\/uploads\/2024\/03\/moka10-768x1151.jpg 768w, https:\/\/www.aidabueno.com\/wp-content\/uploads\/2024\/03\/moka10-1025x1536.jpg 1025w, https:\/\/www.aidabueno.com\/wp-content\/uploads\/2024\/03\/moka10.jpg 1200w\" sizes=\"(max-width: 683px) 100vw, 683px\" \/>\t\t\t\t\t\t\t\t\t\t\t\t\t<\/div>\n\t\t\t\t<\/div>\n\t\t\t\t<div class=\"elementor-element elementor-element-4c6150b9 elementor-widget elementor-widget-heading\" data-id=\"4c6150b9\" data-element_type=\"widget\" data-widget_type=\"heading.default\">\n\t\t\t\t<div class=\"elementor-widget-container\">\n\t\t\t<style>\/*! elementor - v3.20.0 - 10-04-2024 *\/\n.elementor-heading-title{padding:0;margin:0;line-height:1}.elementor-widget-heading .elementor-heading-title[class*=elementor-size-]>a{color:inherit;font-size:inherit;line-height:inherit}.elementor-widget-heading .elementor-heading-title.elementor-size-small{font-size:15px}.elementor-widget-heading .elementor-heading-title.elementor-size-medium{font-size:19px}.elementor-widget-heading .elementor-heading-title.elementor-size-large{font-size:29px}.elementor-widget-heading .elementor-heading-title.elementor-size-xl{font-size:39px}.elementor-widget-heading .elementor-heading-title.elementor-size-xxl{font-size:59px}<\/style><h2 class=\"elementor-heading-title elementor-size-default\">Mi motivaci\u00f3n es guiar a j\u00f3venes y emprendedores \n<i>en el desarrollo de sus negocios. <\/i><\/h2>\t\t<\/div>\n\t\t\t\t<\/div>\n\t\t\t\t<div class=\"elementor-element elementor-element-6d3a597 elementor-widget elementor-widget-text-editor\" data-id=\"6d3a597\" data-element_type=\"widget\" data-widget_type=\"text-editor.default\">\n\t\t\t\t<div class=\"elementor-widget-container\">\n\t\t\t<style>\/*! elementor - v3.20.0 - 10-04-2024 *\/\n.elementor-widget-text-editor.elementor-drop-cap-view-stacked .elementor-drop-cap{background-color:#69727d;color:#fff}.elementor-widget-text-editor.elementor-drop-cap-view-framed .elementor-drop-cap{color:#69727d;border:3px solid;background-color:transparent}.elementor-widget-text-editor:not(.elementor-drop-cap-view-default) .elementor-drop-cap{margin-top:8px}.elementor-widget-text-editor:not(.elementor-drop-cap-view-default) .elementor-drop-cap-letter{width:1em;height:1em}.elementor-widget-text-editor .elementor-drop-cap{float:left;text-align:center;line-height:1;font-size:50px}.elementor-widget-text-editor .elementor-drop-cap-letter{display:inline-block}<\/style>\t\t\t\t<p>Recib\u00ed orgullosamente y con mucho honor el reconocimiento de &#8220;Mujer Rompiendo Barreras 2022&#8221; otorgado por la revista Red de Negocios. Dicha revista realiz\u00f3 un un art\u00edculo muy completo acerca de mi trayectoria y mi visi\u00f3n emprendedora en la edici\u00f3n de marzo de 2022. Mi camino ha sido marcado por desaf\u00edos y \u00e9xitos, siendo una valiosa fuente de aprendizaje y gratitud, mismos que hoy en d\u00eda comparto gustosa con aquellas personas que les deseen alcanzar el \u00e9xito personal, profesional y financiero.<\/p>\t\t\t\t\t\t<\/div>\n\t\t\t\t<\/div>\n\t\t\t\t<\/div>\n\t\t<div class=\"elementor-element elementor-element-1f191e32 e-con-full e-flex elementor-invisible e-con e-child\" data-id=\"1f191e32\" data-element_type=\"container\" data-settings=\"{&quot;animation&quot;:&quot;fadeIn&quot;,&quot;animation_delay&quot;:250}\">\n\t\t\t\t<div class=\"elementor-element elementor-element-317df113 elementor-widget elementor-widget-heading\" data-id=\"317df113\" data-element_type=\"widget\" data-widget_type=\"heading.default\">\n\t\t\t\t<div class=\"elementor-widget-container\">\n\t\t\t<h2 class=\"elementor-heading-title elementor-size-default\">Hola, Soy Aida Bueno<\/h2>\t\t<\/div>\n\t\t\t\t<\/div>\n\t\t\t\t<div class=\"elementor-element elementor-element-3f46a848 elementor-widget elementor-widget-heading\" data-id=\"3f46a848\" data-element_type=\"widget\" data-widget_type=\"heading.default\">\n\t\t\t\t<div class=\"elementor-widget-container\">\n\t\t\t<h1 class=\"elementor-heading-title elementor-size-default\">Creadora del M\u00e9todo AIDA<\/h1>\t\t<\/div>\n\t\t\t\t<\/div>\n\t\t\t\t<div class=\"elementor-element elementor-element-2b77cb90 elementor-widget elementor-widget-text-editor\" data-id=\"2b77cb90\" data-element_type=\"widget\" data-widget_type=\"text-editor.default\">\n\t\t\t\t<div class=\"elementor-widget-container\">\n\t\t\t\t\t\t\t<p>Soy una emprendedora mexicana, conferencista, en constante acci\u00f3n, con un esp\u00edritu colaborativo y dedicada a la b\u00fasqueda constante del crecimiento personal.Mi entusiasmo me impulsa hacia el logro del \u00e9xito en los \u00e1mbitos espiritual, personal y financiero.<\/p>\t\t\t\t\t\t<\/div>\n\t\t\t\t<\/div>\n\t\t\t\t<div class=\"elementor-element elementor-element-34f79801 elementor-widget elementor-widget-image\" data-id=\"34f79801\" data-element_type=\"widget\" data-widget_type=\"image.default\">\n\t\t\t\t<div class=\"elementor-widget-container\">\n\t\t\t\t\t\t\t\t\t\t\t\t\t<img decoding=\"async\" width=\"683\" height=\"1024\" src=\"https:\/\/www.aidabueno.com\/wp-content\/uploads\/2024\/03\/H3-683x1024.jpg\" class=\"attachment-large size-large wp-image-344\" alt=\"sesion aida 3\" srcset=\"https:\/\/www.aidabueno.com\/wp-content\/uploads\/2024\/03\/H3-683x1024.jpg 683w, https:\/\/www.aidabueno.com\/wp-content\/uploads\/2024\/03\/H3-200x300.jpg 200w, https:\/\/www.aidabueno.com\/wp-content\/uploads\/2024\/03\/H3-768x1151.jpg 768w, https:\/\/www.aidabueno.com\/wp-content\/uploads\/2024\/03\/H3-1025x1536.jpg 1025w, https:\/\/www.aidabueno.com\/wp-content\/uploads\/2024\/03\/H3.jpg 1200w\" sizes=\"(max-width: 683px) 100vw, 683px\" \/>\t\t\t\t\t\t\t\t\t\t\t\t\t<\/div>\n\t\t\t\t<\/div>\n\t\t\t\t<\/div>\n\t\t\t\t\t<\/div>\n\t\t\t\t<\/div>\n\t\t<div class=\"elementor-element elementor-element-55643a7b e-flex e-con-boxed e-con e-parent\" data-id=\"55643a7b\" data-element_type=\"container\" id=\"libro\" data-settings=\"{&quot;background_background&quot;:&quot;classic&quot;}\" data-core-v316-plus=\"true\">\n\t\t\t\t\t<div class=\"e-con-inner\">\n\t\t<div class=\"elementor-element elementor-element-286a5c1d e-con-full e-flex e-con e-child\" data-id=\"286a5c1d\" data-element_type=\"container\">\n\t\t\t\t<div class=\"elementor-element elementor-element-7251e8e9 elementor-invisible elementor-widget elementor-widget-heading\" data-id=\"7251e8e9\" data-element_type=\"widget\" data-settings=\"{&quot;_animation&quot;:&quot;fadeIn&quot;,&quot;_animation_delay&quot;:200}\" data-widget_type=\"heading.default\">\n\t\t\t\t<div class=\"elementor-widget-container\">\n\t\t\t<h2 class=\"elementor-heading-title elementor-size-default\">Compra el libro<br>  <i> El M\u00e9todo AIDA <\/i><\/h2>\t\t<\/div>\n\t\t\t\t<\/div>\n\t\t\t\t<div class=\"elementor-element elementor-element-571832e8 elementor-widget elementor-widget-text-editor\" data-id=\"571832e8\" data-element_type=\"widget\" data-widget_type=\"text-editor.default\">\n\t\t\t\t<div class=\"elementor-widget-container\">\n\t\t\t\t\t\t\t<p>En mi libro les propongo una estrategia para conseguir Abundancia a trav\u00e9s de la Innovaci\u00f3n, la Determinaci\u00f3n y la Acci\u00f3n.\u00a0<\/p><p>La simplicidad de este m\u00e9todo se basa en la plasticidad del cerebro y del coraz\u00f3n, en la capacidad de transformar nuestras creencias m\u00e1s \u00edntimas y nuestras vivencias m\u00e1s desesperanzadoras en un camino de ascenso hacia el \u00e9xito personal y empresarial.\u00a0<\/p>\t\t\t\t\t\t<\/div>\n\t\t\t\t<\/div>\n\t\t\t\t<div class=\"elementor-element elementor-element-4be4282 elementor-widget elementor-widget-button\" data-id=\"4be4282\" data-element_type=\"widget\" data-widget_type=\"button.default\">\n\t\t\t\t<div class=\"elementor-widget-container\">\n\t\t\t\t\t<div class=\"elementor-button-wrapper\">\n\t\t\t<a class=\"elementor-button elementor-button-link elementor-size-sm\" href=\"https:\/\/www.amazon.com.mx\/M%C3%A9todo-AIDA-para-negocio-vida\/dp\/6077581720\/ref=sr_1_1?__mk_es_MX=%C3%85M%C3%85%C5%BD%C3%95%C3%91&#038;crid=1TEA4BL0KN1E2&#038;dib=eyJ2IjoiMSJ9.TW_M3dTXvajOy1FzDJuKzenfQP7VSIDFtI-kQLFOZyTBRi5jSwCMS-P3uLzFO0CgNPQcfcNHQhjKyiSoWuRFp0dnVrbj7TJcjyPU6R1-vBTcCX5UfFYPJVHhXNuwHZEFrkWNLwRRCUgo6aWwJnqzJLzr5gRwpvaEKIjJvROPryEINj8l9-9umTmaoscXv2fGqA-Q8jyqEgIO_pWWe7IU2Hl0omYr9WOA2ToJ7dINysOY_nzkZYpGFzJ8pFvgQc2m0FezDDP__r1hKnjn8Z1vJ-c409fBTFi5i3bUjK77WcQ.V8Jwp2GVLLX6rXA7CY24pSK-hwSLXTS32uGm33PHlvY&#038;dib_tag=se&#038;keywords=metodo+aida&#038;qid=1710437731&#038;sprefix=metodo+aida%2Caps%2C88&#038;sr=8-1\" target=\"_blank\">\n\t\t\t\t\t\t<span class=\"elementor-button-content-wrapper\">\n\t\t\t\t\t\t<span class=\"elementor-button-text\">Compar el libro<\/span>\n\t\t<\/span>\n\t\t\t\t\t<\/a>\n\t\t<\/div>\n\t\t\t\t<\/div>\n\t\t\t\t<\/div>\n\t\t\t\t<\/div>\n\t\t<div class=\"elementor-element elementor-element-4362dfe1 e-con-full e-flex e-con e-child\" data-id=\"4362dfe1\" data-element_type=\"container\">\n\t\t\t\t<div class=\"elementor-element elementor-element-5d8041bd elementor-widget elementor-widget-image\" data-id=\"5d8041bd\" data-element_type=\"widget\" data-widget_type=\"image.default\">\n\t\t\t\t<div class=\"elementor-widget-container\">\n\t\t\t\t\t\t\t\t\t\t\t\t\t\t<a href=\"https:\/\/www.amazon.com.mx\/M%C3%A9todo-AIDA-para-negocio-vida\/dp\/6077581720\/ref=sr_1_1?__mk_es_MX=%C3%85M%C3%85%C5%BD%C3%95%C3%91&#038;crid=1TEA4BL0KN1E2&#038;dib=eyJ2IjoiMSJ9.TW_M3dTXvajOy1FzDJuKzenfQP7VSIDFtI-kQLFOZyTBRi5jSwCMS-P3uLzFO0CgNPQcfcNHQhjKyiSoWuRFp0dnVrbj7TJcjyPU6R1-vBTcCX5UfFYPJVHhXNuwHZEFrkWNLwRRCUgo6aWwJnqzJLzr5gRwpvaEKIjJvROPryEINj8l9-9umTmaoscXv2fGqA-Q8jyqEgIO_pWWe7IU2Hl0omYr9WOA2ToJ7dINysOY_nzkZYpGFzJ8pFvgQc2m0FezDDP__r1hKnjn8Z1vJ-c409fBTFi5i3bUjK77WcQ.V8Jwp2GVLLX6rXA7CY24pSK-hwSLXTS32uGm33PHlvY&#038;dib_tag=se&#038;keywords=metodo+aida&#038;qid=1710437731&#038;sprefix=metodo+aida%2Caps%2C88&#038;sr=8-1\">\n\t\t\t\t\t\t\t<img decoding=\"async\" src=\"https:\/\/www.aidabueno.com\/web\/image\/1071-824a6be2\/WhatsApp%20Image%202022-05-31%20at%201.59.26%20PM%20%281%29.jpeg\" title=\"\" alt=\"\" loading=\"lazy\" \/>\t\t\t\t\t\t\t\t<\/a>\n\t\t\t\t\t\t\t\t\t\t\t\t\t<\/div>\n\t\t\t\t<\/div>\n\t\t\t\t<\/div>\n\t\t\t\t\t<\/div>\n\t\t\t\t<\/div>\n\t\t\t\t<\/div>\n\t\t","protected":false},"excerpt":{"rendered":"<p>Mi motivaci\u00f3n es guiar a j\u00f3venes y emprendedores en el desarrollo de sus negocios. Recib\u00ed orgullosamente y con mucho honor el reconocimiento de &#8220;Mujer Rompiendo Barreras 2022&#8221; otorgado por la revista Red de Negocios. Dicha revista realiz\u00f3 un un art\u00edculo muy completo acerca de mi trayectoria y mi visi\u00f3n emprendedora en la edici\u00f3n de marzo [&hellip;]<\/p>\n","protected":false},"author":1,"featured_media":0,"parent":0,"menu_order":0,"comment_status":"closed","ping_status":"closed","template":"","meta":{"footnotes":""},"_links":{"self":[{"href":"https:\/\/www.aidabueno.com\/index.php?rest_route=\/wp\/v2\/pages\/445"}],"collection":[{"href":"https:\/\/www.aidabueno.com\/index.php?rest_route=\/wp\/v2\/pages"}],"about":[{"href":"https:\/\/www.aidabueno.com\/index.php?rest_route=\/wp\/v2\/types\/page"}],"author":[{"embeddable":true,"href":"https:\/\/www.aidabueno.com\/index.php?rest_route=\/wp\/v2\/users\/1"}],"replies":[{"embeddable":true,"href":"https:\/\/www.aidabueno.com\/index.php?rest_route=%2Fwp%2Fv2%2Fcomments&post=445"}],"version-history":[{"count":7,"href":"https:\/\/www.aidabueno.com\/index.php?rest_route=\/wp\/v2\/pages\/445\/revisions"}],"predecessor-version":[{"id":454,"href":"https:\/\/www.aidabueno.com\/index.php?rest_route=\/wp\/v2\/pages\/445\/revisions\/454"}],"wp:attachment":[{"href":"https:\/\/www.aidabueno.com\/index.php?rest_route=%2Fwp%2Fv2%2Fmedia&parent=445"}],"curies":[{"name":"wp","href":"https:\/\/api.w.org\/{rel}","templated":true}]}}